5183538?
2, 3472591769
What are the prime factors of 1005886604?
2, 251471651
List the prime factors of 817512062.
2, 619, 660349
List the prime factors of 17673723.
3, 1963747
List the prime factors of 69932583.
3, 7, 1110041
What are the prime factors of 3993134745?
3, 5, 53, 5022811
List the prime factors of 2783015568.
2, 3, 881, 21937
What are the prime factors of 516138307?
479, 1077533
List the prime factors of 150095291.
83, 1808377
List the prime factors of 541779971.
2341, 231431
List the prime factors of 980953841.
7, 23, 439, 13879
List the prime factors of 1771113517.
73, 479, 50651
What are the prime factors of 1195391484?
2, 3, 7, 29, 163573
What are the prime factors of 105289490?
2, 5, 10528949
What are the prime factors of 2945394332?
2, 8291, 88813
List the prime factors of 92233346.
2, 46116673
List the prime factors of 1381646548.
2, 345411637
What are the prime factors of 1912552520?
2, 5, 61, 67, 11699
List the prime factors of 2581863107.
491, 5258377
List the prime factors of 118894784.
2, 1857731
List the prime factors of 22570253.
22570253
What are the prime factors of 3944102894?
2, 24337, 81031
List the prime factors of 309256192.
2, 7, 5393
List the prime factors of 1010315534.
2, 677, 746171
List the prime factors of 1568873793.
3, 10601, 49331
List the prime factors of 1864767162.
2, 3, 17, 127, 143953
List the prime factors of 415956658.
2, 13, 83, 14827
What are the prime factors of 444322050?
2, 3, 5, 23, 29, 4441
List the prime factors of 33956025.
3, 5, 43, 10529
List the prime factors of 162064084.
2, 7, 13, 47, 9473
What are the prime factors of 79250014?
2, 39625007
List the prime factors of 87474237.
3, 29, 467, 2153
What are the prime factors of 1043307402?
2, 3, 41, 941, 4507
What are the prime factors of 191043449?
4177, 45737
List the prime factors of 67892588.
2, 16973147
List the prime factors of 68067322.
2, 34033661
What are the prime factors of 1375917453?
3, 152879717
List the prime factors of 7605617345.
5, 23, 31, 2133413
What are the prime factors of 4835056?
2, 302191
What are the prime factors of 53965545?
3, 5, 3597703
List the prime factors of 82425868.
2, 7, 2943781
List the prime factors of 38501509.
38501509
List the prime factors of 1442472563.
7, 31, 6647339
List the prime factors of 38991760.
2, 5, 487397
List the prime factors of 8001310384.
2, 37, 13515727
List the prime factors of 756604661.
139, 487, 11177
What are the prime factors of 6115404868?
2, 1277, 1197221
What are the prime factors of 58778006?
2, 7, 4198429
List the prime factors of 21976564.
2, 691, 7951
List the prime factors of 106516854.
2, 3, 463, 12781
List the prime factors of 2324288068.
2, 163, 3564859
List the prime factors of 1922888943.
3, 1483, 48023
List the prime factors of 27150984.
2, 3, 7, 17957
List the prime factors of 4759508562.
2, 3, 793251427
List the prime factors of 27246980.
2, 5, 1362349
What are the prime factors of 1338304340?
2, 5, 1669, 40093
List the prime factors of 574385267.
31, 18528557
What are the prime factors of 5250762174?
2, 3, 7, 131, 313, 3049
What are the prime factors of 777018548?
2, 4889, 39733
List the prime factors of 1946591278.
2, 197, 4940587
What are the prime factors of 1487858243?
743, 919, 2179
List the prime factors of 9181160.
2, 5, 229529
What are the prime factors of 3778760617?
191, 19784087
What are the prime factors of 54606879?
3, 674159
List the prime factors of 170826375.
3, 5, 455537
What are the prime factors of 2856892138?
2, 29, 1698509
What are the prime factors of 1438795309?
7, 205542187
List the prime factors of 735708534.
2, 3, 11, 11147099
List the prime factors of 53355008.
2, 7, 14887
What are the prime factors of 3397394?
2, 7, 11, 13, 1697
What are the prime factors of 32925642?
2, 3, 1297, 4231
List the prime factors of 227910857.
17, 541, 24781
What are the prime factors of 4697860113?
3, 227, 255499
What are the prime factors of 26344392?
2, 3, 53, 139, 149
What are the prime factors of 2484247525?
5, 37, 2685673
What are the prime factors of 263254368?
2, 3, 13, 71, 2971
What are the prime factors of 908205444?
2, 3, 25227929
List the prime factors of 6164170.
2, 5, 19, 32443
List the prime factors of 773954815.
5, 154790963
List the prime factors of 87346123.
3319, 26317
List the prime factors of 213980879.
7, 29, 31, 37, 919
What are the prime factors of 1864932122?
2, 932466061
What are the prime factors of 11244867?
3, 3748289
What are the prime factors of 50587448?
2, 6323431
List the prime factors of 116347821.
3, 409, 94823
List the prime factors of 962588416.
2, 17, 29, 263
What are the prime factors of 4710283291?
7, 131, 5136623
What are the prime factors of 1472712386?
2, 61, 2833, 4261
List the prime factors of 13805464.
2, 1725683
What are the prime factors of 6491465064?
2, 3, 7, 19, 8369
What are the prime factors of 45115593?
3, 15038531
What are the prime factors of 1349435938?
2, 674717969
List the prime factors of 2337779526.
2, 3, 1091, 357131
List the prime factors of 16637203.
11, 17, 88969
What are the prime factors of 1637854147?
16931, 96737
What are the prime factors of 1142499408?
2, 3, 89, 267439
What are the prime factors of 55680757?
11, 5061887
List the prime factors of 276930826.
2, 9133, 15161
What are the prime factors of 210574300?
2, 5, 53, 67, 593
List the prime factors of 128223270.
2, 3, 5, 7, 67843
What are the prime factors of 83570529?
3, 7, 751, 757
List the prime factors of 1870814624.
2, 7, 8351851
What are the prime factors of 464777974?
2, 23, 653, 15473
List the prime factors of 6685473248.
2, 227, 920357
List the prime factors of 2050208200.
2, 5, 10251041
What are the prime factors of 33028224?
2, 3, 86011
List the prime factors of 471034106.
2, 73, 239, 13499
What are the prime factors of 20856040?
2, 5, 521401
What are the prime factors of 256017070?
2, 5, 4021, 6367
List the prime factors of 5474466291.
3, 7, 260688871
What are the prime factors of 903364459?
31, 29140789
List the prime factors of 427573919.
17, 83, 303029
List the prime factors of 81339185.
5, 16267837
List the prime factors of 52035086.
2, 26017543
What are the prime factors of 2123638122?
2, 3, 7643, 46309
What are the prime factors of 47701952?
2, 745343
What are the prime factors of 5330570406?
2, 3, 7, 6737, 18839
List the prime factors of 812264420.
2, 5, 11, 17, 97, 2239
What are the prime factors of 4561693677?
3, 167, 3035059
What are the prime factors of 2627967074?
2, 23, 79, 723161
What are the prime factors of 347728606?
2, 71, 263, 9311
List the prime factors of 240622027.
240622027
What are the prime factors of 41566060?
2, 5, 23, 109, 829
List the prime factors of 624048991.
624048991
What are the prime factors of 1366959827?
1366959827
What are the prime factors of 4749808496?
2, 12647, 23473
List the prime factors of 199764583.
199764583
List the prime factors of 1439733684.
2, 3, 487, 246361
List the prime factors of 615096071.
2477, 248323
What are the prime factors of 332921069?
13, 47, 544879
What are the prime factors of 1304418466?
2, 13, 17, 179, 16487
What are the prime factors of 1509930421?
97, 617, 25229
What are the prime factors of 2569803322?
2, 1284901661
List the prime factors of 41947590.
2, 3, 5, 613, 2281
What are the prime factors of 239055601?
31, 7711471
List the prime factors of 299870008.
2, 19, 1972829
What are the prime factors of 1608353840?
2, 5, 20104423
List the prime factors of 4088532634.
2, 37, 55250441
What are the prime factors of 6697214289?
3, 3607, 206303
What are the prime factors of 140723165?
5, 11, 283, 9041
What are the prime factors of 17126691?
3, 71, 80407
What are the prime factors of 55970697?
3, 18656899
What are the prime factors of 901268652?
2, 3, 101, 347, 2143
What are the prime factors of 19411395?
3, 5, 197, 6569
List the prime factors of 589399127.
23, 2663, 9623
List the prime factors of 685405218.
2, 3, 17, 223, 30133
What are the prime factors of 17872528?
2, 1117033
What are the prime factors of 9252225?
3, 5, 1523
List the prime factors of 202449754.
2, 13, 29, 268501
List the prime factors of 1795131905.
5, 7, 41, 173, 1033
List the prime factors of 37703972.
2, 109, 86477
List the prime factors of 1799318660.
2, 5, 43, 353, 592